 k?
15
Let i = -49 - -51. Suppose z + 2*x = 12, -5*x = -3*z - i*x. Calculate the greatest common factor of 32 and z.
4
Let i(d) = -21*d**3 + 2*d + 1. Let z be i(-1). Suppose -8*m + z = -3*m. Suppose 39 = -m*g + 319. What is the highest common factor of 10 and g?
10
Suppose -8*w - 37 = -2*a - 5*w, 2*a - 5*w - 35 = 0. Suppose -q + 4*q - 60 = 0. What is the greatest common factor of a and q?
20
Let u be (4 - -3)*(-16)/(-28). Let b be 150/u*12/15. Calculate the greatest common factor of b and 330.
30
Let z be (0 - 1)*(3 - 1). Let w be (z + -3 + -3)*-10. Suppose 4*r = -0*r + w. What is the greatest common divisor of r and 30?
10
Suppose 4*t + 0 = -k + 4, 4*k - 3*t - 35 = 0. Suppose k = 5*i - 7. What is the greatest common factor of i and 2?
1
Suppose t = -t + 16. Let u be ((-644)/(-115))/(-14) + 1 + 634/10. What is the greatest common divisor of t and u?
8
Suppose 21 = a + 11. Let i be 23 + (-1 - -1 - -2). Calculate the greatest common factor of a and i.
5
Suppose 6*b + 5*a = b + 465, 2*b = 2*a + 174. Calculate the greatest common factor of 60 and b.
30
Let x = 13 - 0. Suppose 4*l = 2*s + 2, -4*s + 9*s + 2*l + 17 = 0. Let g be x + (s - -2) - 2. Calculate the greatest common divisor of 110 and g.
10
Suppose -3*j = -s + 36, 5*s = s - 4*j + 112. Suppose 24 = -5*d + 8*d. Let k be 3 + -1 + -4 + d. Calculate the greatest common divisor of k and s.
6
Let z = -744 - -1407. What is the highest common divisor of z and 51?
51
Suppose 0 = -328*d + 333*d - 260. What is the greatest common factor of 117 and d?
13
Suppose -102 = 2*u - 4*u + 5*r, -4*u + 204 = -5*r. Let p = 47 + u. What is the highest common factor of 14 and p?
14
Let c be (2 + (-384)/(-15))*(-35)/(-14). Suppose 0 = -6*a + c + 225. What is the highest common factor of 98 and a?
49
Let c be (1 - (-3)/3)/((-2)/8). Let r be c/(3*(-2)/6). What is the greatest common divisor of 20 and r?
4
Let w be 260/(-80)*(-9 - -1). Calculate the greatest common factor of w and 143.
13
Let u = -18 + 56. Let h be (2 + 30)/(-1) + -2. Let k = 53 + h. Calculate the greatest common factor of u and k.
19
Let o(y) = 2*y**3 + y**2 - 2*y - 1. Let p = 21 - 19. Let n be o(p). Let m = -13 - -73. Calculate the greatest common divisor of n and m.
15
Suppose -9 = -5*k + 6. Let w be (k/(-9))/1*-54. What is the highest common factor of w and 9?
9
Suppose 0 = 18*r - 2*r - 1536. Calculate the highest common factor of r and 2400.
96
Let y(s) = s**2 - 9*s + 5. Let m be y(9). Let b(t) = 2*t - 7. Let r be b(m). Let v = 23 + -14. Calculate the highest common factor of v and r.
3
Suppose 4*t - 168 = -0*t. Let h = 18422 - 18352. Calculate the highest common divisor of t and h.
14
Let c = 31 + -20. What is the greatest common factor of 99 and c?
11
Let v(j) = 5*j**2 + 7*j + 7. Let w be v(-3). Let k = w + -30. What is the highest common factor of k and 8?
1
Let r = -25 - -28. Suppose -c - 2*c = -r*j + 216, 5*j - 2*c = 375. What is the highest common factor of j and 7?
7
Suppose -2*n + 4*a = -3*n + 8, 7 = n + 3*a. Let w(j) = -j + 5. Let k be w(n). What is the highest common factor of k and 4?
1
Let t(m) = 5*m**2 + 21*m + 30. Let r(w) = -3*w**2 - 11*w - 15. Let n(l) = -7*r(l) - 4*t(l). Let x be n(9). What is the highest common divisor of x and 33?
3
Let v(r) = 2*r - 12. Let i be v(8). Suppose -5*c - 25 = 0, -i = -5*n - 2*c + 6. What is the highest common divisor of 76 and n?
4
Suppose -4 = 2*y, 0 = -c - 12*y + 14*y + 19. Calculate the highest common factor of 35 and c.
5
Suppose 0 = 2*z - 23 + 19. Let o be 9 - 6*z/(-4). What is the greatest common divisor of 30 and o?
6
Suppose -28*v = -15*v - 208. Calculate the highest common divisor of 376 and v.
8
Let a = -211 + 347. What is the highest common divisor of a and 680?
136
Let m = 22 - 15. Suppose -3*z = -i - 19, 13*z - 10*z + 2*i = 25. What is the greatest common divisor of z and m?
7
Let f(m) = m**2 + m + 1. Let h(c) = -c**2 - 3*c - 19. Let i(w) = -2*f(w) - h(w). Let j be i(0). What is the highest common divisor of j and 17?
17
Suppose -620 = -7*k + 780. Calculate the greatest common divisor of k and 8.
8
Let h(i) = -8*i + 1162. Let d be h(-36). What is the highest common divisor of 58 and d?
58
Suppose 0 = -15*v - 24 + 84. Let y = v - -17. What is the highest common factor of 3 and y?
3
Suppose 3*g - g + 2 = 0, 3*g = -4*z + 125. Let j = z - 9. Calculate the greatest common divisor of j and 92.
23
Suppose 121*u - 31 = 120*u - 5*y, 37 = 3*u + y. What is the highest common divisor of 539 and u?
11
Let s be 3/(-12) + (-166)/8. Let o = s + 66. Let j(y) = -y**3 + 12*y**2 - 10*y - 2. Let h be j(11). What is the greatest common divisor of o and h?
9
Let o = 24 + -16. Suppose o*g - 3*g = 40. Suppose 2*w - 4 = b - w, -2*b = -2*w. What is the highest common factor of g and b?
2
Suppose -4*m - 371 = -4*z + 489, -2*m = -10. Calculate the greatest common factor of z and 275.
55
Suppose 26 = 2*b - 8. Calculate the greatest common factor of 272 and b.
17
Let l(d) = -3*d**2 - 87*d - 45. Let z be l(-21). Calculate the highest common divisor of 135 and z.
27
Let x be (-6)/(-4)*76/(-3). Let g be x/3*120/(-16). Let m = 46 - 8. Calculate the greatest common factor of m and g.
19
Let z be 968/99 + (-2)/(-9). What is the greatest common factor of z and 80?
10
Let t(g) = g**2 - 4*g + 6. Let a be t(6). Suppose 0 = 2*p + 4, 0*i + 5*p + a = 2*i. Suppose -6*v = -i*v - 24. What is the greatest common divisor of v and 84?
12
Let t = -314 + 655. What is the highest common divisor of 31 and t?
31
Suppose b + 3*r - 11 = 3, -5*r + 12 = -4*b. Suppose 3*k - b*k - 2 = 0. Calculate the highest common factor of k and 18.
2
Suppose -10*f = -14*f. Let g = 13 - f. Suppose 2*o + 10 = -0*o, -5*l + 725 = -2*o. What is the greatest common factor of l and g?
13
Let b be -6 - 0 - (61 - 106). Calculate the highest common divisor of 2613 and b.
39
Let k(o) = 52*o**3 - o. Let n be k(-1). Suppose -2*h = -536 + 94. Let r = n + h. What is the greatest common divisor of 34 and r?
34
Let f be (-18)/(-15) + 1/(-5). Suppose -3*c + 2*u + 10 = 0, 4*c = 3*u + f + 12. Suppose 2*r = 2 + 2. Calculate the greatest common divisor of r and c.
2
Let c(t) = t**3 + 15*t**2 - 17*t + 6. Let r be c(-16). Suppose 3*m = 2*u + 56, -m + 6 = -3*u - r. Calculate the greatest common factor of m and 48.
16
Let m be ((-1)/2*2)/(1/(-59)). Let o = 139 - m. What is the greatest common factor of o and 48?
16
Let o = 1957 + -1949. Calculate the greatest common divisor of 10 and o.
2
Suppose -2*g = -m - 46, 5*m - 7*m = -3*g + 70. Calculate the highest common divisor of g and 66.
22
Let z(t) = 4*t**2 - 15*t + 32. Let c be z(2). Calculate the highest common factor of c and 162.
18
Let d be 20 - (1 + 0) - (84 - 80). Suppose 0 = 4*w + 5*f - 180, -3*f = -2*f. What is the highest common factor of w and d?
15
Let s be 90/2*(-54)/(-15). Let n(h) = 2*h**2. Let f(m) = -m**2 - 2*m. Let r be f(-3). Let v be n(r). What is the highest common factor of s and v?
18
Let b = -1491 - -2630. Calculate the highest common factor of b and 67.
67
Suppose 315 = 2*l + 73. Calculate the highest common factor of l and 77.
11
Suppose 0 = -18240*f + 18244*f - 92. Calculate the highest common divisor of f and 2461.
23
Let m(w) = -59*w**3 + 1. Let b be m(-1). Let q = 47 - 32. Calculate the highest common factor of b and q.
15
Let p(t) = -19*t**2 + t. Let d be p(-1). Let q = -11 - d. Let z = 33 + 39. Calculate the greatest common divisor of z and q.
9
Suppose a = 4*a - 6. Suppose -q + f + 24 = -3*f, -a*q + 3*f + 38 = 0. Let s = q + -14. What is the greatest common factor of s and 8?
2
Let m be (160/(-8))/4*-5. What is the greatest common factor of m and 800?
25
Let p(t) = -16*t. Let q(z) = z**3 - z**2 - z - 1. Let h be q(-1). Let o be p(h). Let f = 27 + -11. What is the highest common factor of o and f?
16
Let o be 6/(-10) - 48/(-80). Suppose -4*x + o*x + 8 = 0. Suppose -x*m + 33 = m. Calculate the greatest common divisor of 11 and m.
11
Suppose 31*y - 30*y + 1090 = 4*n, y - 2 = 0. What is the greatest common divisor of n and 195?
39
Let q be (-1)/(18/120)*24/(-10). What is the greatest common factor of 248 and q?
8
Let b be (2*3/(-6))/(1/(-244)). What is the greatest common factor of 61 and b?
61
Let p be ((-8)/2)/((-3)/(-18)). Let k = -22 - p. Calculate the highest common factor of 1 and k.
1
Let r(v) = -v*